{"id":32,"date":"2018-03-19T16:31:45","date_gmt":"2018-03-19T16:31:45","guid":{"rendered":"https:\/\/demo.cocobasic.com\/kapena-wp\/?page_id=32"},"modified":"2022-11-01T08:38:45","modified_gmt":"2022-11-01T08:38:45","slug":"about","status":"publish","type":"page","link":"https:\/\/ruveydasifamerkezi.com\/?page_id=32","title":{"rendered":"Hakk\u0131m\u0131zda"},"content":{"rendered":"\n<p class=\"has-text-align-center\"><strong>S\u00fcleyman TA\u015eLITEPE<br><\/strong>(Emekli \u0130mam ve \u0130lahiyat\u00e7\u0131)<br>Metafizik ve Bioenerji Uzman\u0131<br>Aile Dan\u0131\u015fman\u0131 ve Ya\u015fam Ko\u00e7u<br><strong>0555 383 44 27<\/strong><\/p>\n\n\n<div class=\"wp-block-image\">\n<figure class=\"aligncenter size-full\"><img decoding=\"async\" loading=\"lazy\" width=\"600\" height=\"414\" src=\"https:\/\/ruveydasifamerkezi.com\/wp-content\/uploads\/2022\/10\/1.jpeg\" alt=\"\" class=\"wp-image-16630\" srcset=\"https:\/\/ruveydasifamerkezi.com\/wp-content\/uploads\/2022\/10\/1.jpeg 600w, https:\/\/ruveydasifamerkezi.com\/wp-content\/uploads\/2022\/10\/1-300x207.jpeg 300w\" sizes=\"(max-width: 600px) 100vw, 600px\" \/><\/figure><\/div>\n\n<div class=\"wp-block-image\">\n<figure class=\"aligncenter size-full\"><img decoding=\"async\" loading=\"lazy\" width=\"600\" height=\"450\" src=\"https:\/\/ruveydasifamerkezi.com\/wp-content\/uploads\/2022\/10\/2.jpeg\" alt=\"\" class=\"wp-image-16632\" srcset=\"https:\/\/ruveydasifamerkezi.com\/wp-content\/uploads\/2022\/10\/2.jpeg 600w, https:\/\/ruveydasifamerkezi.com\/wp-content\/uploads\/2022\/10\/2-300x225.jpeg 300w\" sizes=\"(max-width: 600px) 100vw, 600px\" \/><\/figure><\/div>\n\n<div class=\"wp-block-image\">\n<figure class=\"aligncenter size-full\"><img decoding=\"async\" loading=\"lazy\" width=\"600\" height=\"412\" src=\"https:\/\/ruveydasifamerkezi.com\/wp-content\/uploads\/2022\/10\/3-1.jpeg\" alt=\"\" class=\"wp-image-16643\" srcset=\"https:\/\/ruveydasifamerkezi.com\/wp-content\/uploads\/2022\/10\/3-1.jpeg 600w, https:\/\/ruveydasifamerkezi.com\/wp-content\/uploads\/2022\/10\/3-1-300x206.jpeg 300w\" sizes=\"(max-width: 600px) 100vw, 600px\" \/><\/figure><\/div>\n\n<div class=\"wp-block-image\">\n<figure class=\"aligncenter size-full\"><img decoding=\"async\" loading=\"lazy\" width=\"600\" height=\"408\" src=\"https:\/\/ruveydasifamerkezi.com\/wp-content\/uploads\/2022\/10\/4-2.jpeg\" alt=\"\" class=\"wp-image-16644\" srcset=\"https:\/\/ruveydasifamerkezi.com\/wp-content\/uploads\/2022\/10\/4-2.jpeg 600w, https:\/\/ruveydasifamerkezi.com\/wp-content\/uploads\/2022\/10\/4-2-300x204.jpeg 300w\" sizes=\"(max-width: 600px) 100vw, 600px\" \/><\/figure><\/div>\n\n<div class=\"wp-block-image\">\n<figure class=\"aligncenter size-full\"><img decoding=\"async\" loading=\"lazy\" width=\"600\" height=\"403\" src=\"https:\/\/ruveydasifamerkezi.com\/wp-content\/uploads\/2022\/10\/5-2.jpeg\" alt=\"\" class=\"wp-image-16645\" srcset=\"https:\/\/ruveydasifamerkezi.com\/wp-content\/uploads\/2022\/10\/5-2.jpeg 600w, https:\/\/ruveydasifamerkezi.com\/wp-content\/uploads\/2022\/10\/5-2-300x202.jpeg 300w\" sizes=\"(max-width: 600px) 100vw, 600px\" \/><\/figure><\/div>","protected":false},"excerpt":{"rendered":"<p>S\u00fcleyman TA\u015eLITEPE(Emekli \u0130mam ve \u0130lahiyat\u00e7\u0131)Metafizik ve Bioenerji Uzman\u0131Aile Dan\u0131\u015fman\u0131 ve Ya\u015fam Ko\u00e7u0555 383 44 27<\/p>\n","protected":false},"author":1,"featured_media":0,"parent":0,"menu_order":0,"comment_status":"closed","ping_status":"closed","template":"","meta":{"om_disable_all_campaigns":false,"_mi_skip_tracking":false,"_monsterinsights_sitenote_active":false,"_monsterinsights_sitenote_note":"","_monsterinsights_sitenote_category":0},"aioseo_notices":[],"_links":{"self":[{"href":"https:\/\/ruveydasifamerkezi.com\/index.php?rest_route=\/wp\/v2\/pages\/32"}],"collection":[{"href":"https:\/\/ruveydasifamerkezi.com\/index.php?rest_route=\/wp\/v2\/pages"}],"about":[{"href":"https:\/\/ruveydasifamerkezi.com\/index.php?rest_route=\/wp\/v2\/types\/page"}],"author":[{"embeddable":true,"href":"https:\/\/ruveydasifamerkezi.com\/index.php?rest_route=\/wp\/v2\/users\/1"}],"replies":[{"embeddable":true,"href":"https:\/\/ruveydasifamerkezi.com\/index.php?rest_route=%2Fwp%2Fv2%2Fcomments&post=32"}],"version-history":[{"count":8,"href":"https:\/\/ruveydasifamerkezi.com\/index.php?rest_route=\/wp\/v2\/pages\/32\/revisions"}],"predecessor-version":[{"id":16646,"href":"https:\/\/ruveydasifamerkezi.com\/index.php?rest_route=\/wp\/v2\/pages\/32\/revisions\/16646"}],"wp:attachment":[{"href":"https:\/\/ruveydasifamerkezi.com\/index.php?rest_route=%2Fwp%2Fv2%2Fmedia&parent=32"}],"curies":[{"name":"wp","href":"https:\/\/api.w.org\/{rel}","templated":true}]}}