{"id":165,"date":"2018-03-23T16:18:31","date_gmt":"2018-03-23T16:18:31","guid":{"rendered":"https:\/\/demo.cocobasic.com\/kapena-wp\/?page_id=165"},"modified":"2022-11-01T08:38:20","modified_gmt":"2022-11-01T08:38:20","slug":"service","status":"publish","type":"page","link":"https:\/\/ruveydasifamerkezi.com\/?page_id=165","title":{"rendered":"\u00c7al\u0131\u015fmalar\u0131m\u0131z"},"content":{"rendered":"","protected":false},"excerpt":{"rendered":"","protected":false},"author":1,"featured_media":0,"parent":0,"menu_order":0,"comment_status":"closed","ping_status":"closed","template":"","meta":{"om_disable_all_campaigns":false,"_mi_skip_tracking":false,"_monsterinsights_sitenote_active":false,"_monsterinsights_sitenote_note":"","_monsterinsights_sitenote_category":0},"aioseo_notices":[],"_links":{"self":[{"href":"https:\/\/ruveydasifamerkezi.com\/index.php?rest_route=\/wp\/v2\/pages\/165"}],"collection":[{"href":"https:\/\/ruveydasifamerkezi.com\/index.php?rest_route=\/wp\/v2\/pages"}],"about":[{"href":"https:\/\/ruveydasifamerkezi.com\/index.php?rest_route=\/wp\/v2\/types\/page"}],"author":[{"embeddable":true,"href":"https:\/\/ruveydasifamerkezi.com\/index.php?rest_route=\/wp\/v2\/users\/1"}],"replies":[{"embeddable":true,"href":"https:\/\/ruveydasifamerkezi.com\/index.php?rest_route=%2Fwp%2Fv2%2Fcomments&post=165"}],"version-history":[{"count":1,"href":"https:\/\/ruveydasifamerkezi.com\/index.php?rest_route=\/wp\/v2\/pages\/165\/revisions"}],"predecessor-version":[{"id":16650,"href":"https:\/\/ruveydasifamerkezi.com\/index.php?rest_route=\/wp\/v2\/pages\/165\/revisions\/16650"}],"wp:attachment":[{"href":"https:\/\/ruveydasifamerkezi.com\/index.php?rest_route=%2Fwp%2Fv2%2Fmedia&parent=165"}],"curies":[{"name":"wp","href":"https:\/\/api.w.org\/{rel}","templated":true}]}}